{"id":6321,"date":"2018-04-03T09:46:17","date_gmt":"2018-04-03T07:46:17","guid":{"rendered":"http:\/\/www.akdn.fr\/?page_id=6321"},"modified":"2025-08-24T21:20:24","modified_gmt":"2025-08-24T21:20:24","slug":"corps-et-ses-articulations","status":"publish","type":"page","link":"https:\/\/akdn.fr\/index.php\/corps-et-ses-articulations\/","title":{"rendered":"Faut il confier aveuglement son corps et ses articulations \u00e0 son partenaire ?"},"content":{"rendered":"<div>\n<div>\n<div>Lorsque vous avez plus de 45 ans de Nikkyo, de Shio nage et de Kote gaeshi dans les poignets, on peut comprendre qu\u2019avec l\u2019\u00e2ge,  les articulations peuvent \u00eatre quelque peu us\u00e9es.  45 ans de chutes plaqu\u00e9es n\u2019arrangent pas non plus les lombaires\u2026 On peut sentir une certaine  lassitude \u00e0 \u00eatre syst\u00e9matiquement malmen\u00e9 alors que l\u2019 A\u00efkido propose bienveillance et d\u00e9licatesse en travaillant essentiellement sur soi et non sur l\u2019autre par la violence.<\/div>\n<div>L\u2019A\u00efkido est, rappelons le,  la Voie de l\u2019 Harmonie des Energies et en sous titre ; \u00ab la Voie de la Paix \u00bb. Le but n\u2019est donc pas de terrasser ni de vaincre un ennemi, mais bien de s\u2019en adapter et trouver sans cesse, le moyen de conduire l\u2019\u00e9nergie de l\u2019attaque sans dommage.<\/div>\n<div>Convenons qu un d\u00e9butant n\u2019a pas forc\u00e9ment int\u00e9gr\u00e9, de suite, cette notion. Il est tellement concentr\u00e9 sur son bras, son placement les conseils du prof, et la technique qu\u2019il n\u2019arrive pas encore \u00e0 \u00eatre en phase avec son partenaire tout en veillant \u00e0 sa parfaite int\u00e9grit\u00e9. Mais lorsque des Hakama, de surcroit yudansha (ceintures noires) \u00ab s\u2019entrainent seuls \u00bb sur votre corps \u00e0 tordre le plus rapidement possible votre bras ou vous projette sans calculer au pr\u00e9alable dans les murs ou sur d\u2019autres pratiquants, on peut pr\u00e9juger que la discipline risque de se diriger vers un sport de combat lambda en perdant dans l\u2019instant, son identit\u00e9 et sa valeur intrins\u00e8que.<\/div>\n<div>Lorsqu\u2019on commence jeune, novice, le corps et l\u2019esprit acceptent d\u2019\u00eatre malmen\u00e9s en jouant le jeu. Mais apr\u00e8s quelques ann\u00e9es et avoir bien r\u00e9fl\u00e9chi sur l\u2019art, on ne comprend plus la d\u00e9rive, on refuse la violence, et surtout l\u2019ind\u00e9licatesse des anciens, pourtant grad\u00e9s qui n\u2019ont encore rien compris sur la finesse de notre discipline.<\/div>\n<div>Rappelons que les attaques d\u2019Uke sont des pr\u00e9textes offerts \u00e0 Tori pour \u00e9tudier et perfectionner sa capacit\u00e9 d\u2019adaptabilit\u00e9. Il devra s\u00e9lectionner la technique la mieux appropri\u00e9e qu\u2019il aura au pr\u00e9alable petit \u00e0 petit int\u00e9gr\u00e9. Une frappe shomen, une saisie Katate sont des \u201cconflits cr\u00e9\u00e9s artificiellement\u201d  comme le dit Ch. Tissier Shihan. Ce n\u2019est pas une comp\u00e9tition de boxe tha\u00ef ni de MMA ! Uke ne mitraille pas Tori de frappes multiples et surtout ne refuse jamais la technique ni ne verrouille ses bras afin d\u2019essayer de contrer son partenaire. Convenons que la vitesse de frappe du sabre ou d\u2019un tsuki n\u2019a pas la r\u00e9alit\u00e9 d une frappe mortelle. Elle est ex\u00e9cut\u00e9e avec la d\u00e9licatesse de celui qui offre \u00e0 Tori le moyen de progresser dans l\u2019ex\u00e9cution de ses techniques.<\/div>\n<div>Les vieux sch\u00e9mas comp\u00e9titifs et le souhait de la gagne reviennent constamment dans la t\u00eate des  champions de la torsion et projections en tout genre. On travaille non plus \u00e0 2 mais \u00e0 3 avec l\u2019ego de Tori qui vient de s\u2019inviter en prenant une large place.  On oublie d\u00e8s lors, la particularit\u00e9 de l\u2019A\u00efkido. Une recherche constante de l\u2019 Harmonie avec ses partenaires.<\/div>\n<div>Mais le plaisir recherch\u00e9 revient parfois, (heureusement de temps en temps) au salut, concluant un \u00e9change qui aura enfin permis les sensations subtiles et harmonieuses attendues avec un partenaire qui aura fait l\u2019effort, avec vous, de trouver le diapason, par un  dialogue muet intime et subtil, par l\u2019\u00e9coute du corps de l\u2019autre\u2026 Comme une profonde et enrichissante discussion respectueuse par laquelle chacun s\u2019est exprim\u00e9.<\/div>\n<div>Le sourire remplace alors les grimaces de douleurs.<\/div>\n<div>\u0152uvrons pour transmettre les qualit\u00e9s sp\u00e9cifiques de l\u2019A\u00efkido afin qu\u2019il reste un art martial dans toute sa grandeur et sa subtilit\u00e9 et non un vulgaire sport de combat lambda.<\/div>\n<div>PB<\/div>\n<\/div>\n<\/div>\n<div><\/div>\n","protected":false},"excerpt":{"rendered":"<p>Lorsque vous avez plus de 45 ans de Nikkyo, de Shio nage et de Kote gaeshi dans les poignets, on peut comprendre qu\u2019avec l\u2019\u00e2ge, les articulations peuvent \u00eatre quelque peu us\u00e9es. 45 ans de chutes plaqu\u00e9es n\u2019arrangent pas non plus les lombaires\u2026 On peut sentir une certaine lassitude \u00e0 \u00eatre syst\u00e9matiquement malmen\u00e9 alors que l\u2019 &#8230; <a title=\"Faut il confier aveuglement son corps et ses articulations \u00e0 son partenaire ?\" class=\"read-more\" href=\"https:\/\/akdn.fr\/index.php\/corps-et-ses-articulations\/\" aria-label=\"En savoir plus sur Faut il confier aveuglement son corps et ses articulations \u00e0 son partenaire ?\">Lire la suite<\/a><\/p>\n","protected":false},"author":1,"featured_media":0,"parent":0,"menu_order":10,"comment_status":"closed","ping_status":"closed","template":"","meta":{"footnotes":""},"class_list":["post-6321","page","type-page","status-publish"],"_links":{"self":[{"href":"https:\/\/akdn.fr\/index.php\/wp-json\/wp\/v2\/pages\/6321","targetHints":{"allow":["GET"]}}],"collection":[{"href":"https:\/\/akdn.fr\/index.php\/wp-json\/wp\/v2\/pages"}],"about":[{"href":"https:\/\/akdn.fr\/index.php\/wp-json\/wp\/v2\/types\/page"}],"author":[{"embeddable":true,"href":"https:\/\/akdn.fr\/index.php\/wp-json\/wp\/v2\/users\/1"}],"replies":[{"embeddable":true,"href":"https:\/\/akdn.fr\/index.php\/wp-json\/wp\/v2\/comments?post=6321"}],"version-history":[{"count":1,"href":"https:\/\/akdn.fr\/index.php\/wp-json\/wp\/v2\/pages\/6321\/revisions"}],"predecessor-version":[{"id":9857,"href":"https:\/\/akdn.fr\/index.php\/wp-json\/wp\/v2\/pages\/6321\/revisions\/9857"}],"wp:attachment":[{"href":"https:\/\/akdn.fr\/index.php\/wp-json\/wp\/v2\/media?parent=6321"}],"curies":[{"name":"wp","href":"https:\/\/api.w.org\/{rel}","templated":true}]}}