{"id":5355,"date":"2015-12-22T14:38:49","date_gmt":"2015-12-22T14:38:49","guid":{"rendered":"http:\/\/www.akdn.fr\/?page_id=5355"},"modified":"2025-08-24T21:16:05","modified_gmt":"2025-08-24T21:16:05","slug":"criteres-kyu","status":"publish","type":"page","link":"https:\/\/akdn.fr\/index.php\/criteres-kyu\/","title":{"rendered":"Crit\u00e8res par Kyu \u00e0 l&rsquo;AKDN"},"content":{"rendered":"<div class=\"section-container\">\n<p style=\"font-size: 1.1em; line-height: 1.6; text-align: center; border-bottom: 2px solid #ddd; padding-bottom: 20px;\">\nApr\u00e8s 50 ans de passages de grades (\u00e0 raison de 2 passages par an, cela fait 100 sessions), l&rsquo;A\u00efkido Nogent a su emmagasiner une solide exp\u00e9rience dans ce domaine.<\/p>\n<\/div>\n<h2 style=\"margin-top: 50px;\">L&rsquo;int\u00e9r\u00eat des grades Kyu<\/h2>\n<p>Les grades ne sont pas obligatoires. Effectivement, passer ces tests et devenir grad\u00e9 n&rsquo;est pas sp\u00e9cialement l&rsquo;objectif de l&rsquo;A\u00efkido. Cela impose m\u00eame un devoir de conserver son niveau et de savoir encadrer les d\u00e9butants.<\/p>\n<p>Toutefois, passer les grades offre plusieurs int\u00e9r\u00eats :<\/p>\n<ul>\n<li><strong>Obligation de se remettre en question.<\/strong><\/li>\n<li>Savoir emmagasiner de plus en plus de techniques.<\/li>\n<li>S&rsquo;imposer une posture, une tenue, une attitude, et incarner le <span class=\"highlight\">REISHIKI<\/span>, devenir pas \u00e0 pas une r\u00e9f\u00e9rence au sein du club.<\/li>\n<li>Se rapprocher de l&rsquo;excellence et viser la perfection.<\/li>\n<\/ul>\n<h2 style=\"margin-top: 50px;\">Pr\u00e9paration aux examens<\/h2>\n<p>\u00c0 l&rsquo;AKDN, concernant les grades Kyu adultes, nous nous basons scrupuleusement sur le guide du d\u00e9butant remis par la f\u00e9d\u00e9ration FFAAA. Concernant les grades enfants, le programme a \u00e9t\u00e9 adapt\u00e9 (plus simple) et se subdivise en ceintures de couleurs et couleurs interm\u00e9diaires. Pour ces deux programmes (adulte\/enfant), de grands panneaux clairs ont \u00e9t\u00e9 \u00e9labor\u00e9s et sont sortis dans le d\u00f4j\u00f4 durant la p\u00e9riode de r\u00e9vision en amont des examens.<\/p>\n<p><strong>2 stages internes de 3h00 sont assur\u00e9s<\/strong> le dimanche avant les examens afin de permettre de grandes r\u00e9visions collectives et personnelles et une simulation d&rsquo;examen est effectu\u00e9e. Une s\u00e9ance de pr\u00e9paration mentale dirig\u00e9e par un sophrologue est offerte.<\/p>\n<p>Rappelons que se mettre au niveau est de la responsabilit\u00e9 du postulant. <span class=\"highlight\">Rester apr\u00e8s le cours pour r\u00e9viser, suivre les stages, travailler hors d\u00f4j\u00f4 avec un partenaire est fortement conseill\u00e9.<\/span> Par exp\u00e9rience, ceux qui ont travaill\u00e9 en plus des heures d&rsquo;entra\u00eenement ont pu assurer la r\u00e9ussite \u00e0 chacun de leurs examens. \u00catre assidu aux cours ne suffit pas. Une part importante de travail personnel en dehors des heures de cours assure la r\u00e9ussite aux tests.<\/p>\n<h2 style=\"margin-top: 50px; text-align: center; text-transform: uppercase;\">Crit\u00e8res AKDN selon les grades<\/h2>\n<h3 style=\"margin-top: 50px;\">5e Kyu<\/h3>\n<p>Tout premier grade, premi\u00e8re exp\u00e9rience avec le travail de restitution des connaissances, et se sentir \u00e9valu\u00e9 et critiqu\u00e9 positivement comme n\u00e9gativement. Premi\u00e8re r\u00e9ception de pistes de progr\u00e8s. Int\u00e9gration des conseils et consignes personnalis\u00e9es (si toutefois, elles n&rsquo;ont pas \u00e9t\u00e9 prises d\u00e9j\u00e0 dans l&rsquo;ann\u00e9e). Ce tout premier grade est d&rsquo;un niveau technique tr\u00e8s simple et facilement atteignable. Toutefois, des questions th\u00e9oriques seront pos\u00e9es (Uke\/Tori, Tatami, D\u00f4j\u00f4, nom du fondateur, qu&rsquo;est-ce que DO, KI, A\u00ef&#8230;.).<\/p>\n<h3 style=\"margin-top: 50px;\">4e Kyu<\/h3>\n<p>\u00c7a y est, on conna\u00eet pour l&rsquo;avoir v\u00e9cu, le d\u00e9roulement d&rsquo;un passage de grade. On en a d\u00e9j\u00e0 l&rsquo;exp\u00e9rience. La mani\u00e8re de saluer, rythmer ou temporiser durant l&rsquo;\u00e9change. On a am\u00e9lior\u00e9 sa fa\u00e7on de se d\u00e9placer, esquiver, chuter, attaquer&#8230; Quelques techniques suppl\u00e9mentaires au 5e kyu ont \u00e9t\u00e9 int\u00e9gr\u00e9es.<\/p>\n<h3 style=\"margin-top: 50px;\">3e Kyu<\/h3>\n<p>On est accroch\u00e9 \u00e0 l&rsquo;art. On est maintenant \u00ab mordu(e) \u00bb. On est devenu un(e) \u00ab bosseur(seuse) \u00bb plus curieux(se) et pugnace. <span class=\"highlight\">Participe plus aux stages.<\/span> Avide de nouvelles techniques et de se les approprier. On est, d&rsquo;un coup, \u00e9loign\u00e9 de l&rsquo;id\u00e9e du d\u00e9butant en A\u00efkido. On a acquis une m\u00e9thodologie d&rsquo;apprentissage personnalis\u00e9e. Pris plus souvent en d\u00e9mo par le prof. On sait chuter, aussi bien avant qu&rsquo;arri\u00e8re. Les attaques sont claires. Les distances sont respect\u00e9es. Il n&rsquo;y a plus d&rsquo;erreur de lat\u00e9ralisations autant comme dans les termes (noms d&rsquo;attaques et de techniques).<\/p>\n<h3 style=\"margin-top: 50px;\">2e Kyu<\/h3>\n<p>Attention : ici, pour les femmes, le port du Hakama est autoris\u00e9.<br \/>\nLe 2e kyu est d\u00e9j\u00e0 une r\u00e9f\u00e9rence au sein d&rsquo;un club de niveau moyen. <strong>\u00c0 ce niveau, on est capable d&rsquo;accueillir et d&rsquo;encadrer les d\u00e9butants.<\/strong> La charge de nouvelles techniques et attaques plus vari\u00e9es se fait sentir. Le rythme et la fluidit\u00e9 sont bien plus visibles. On est ferr\u00e9 \u00e0 l&rsquo;A\u00efkido, avide de stages, d&rsquo;en faire bien plus que la moyenne&#8230; Le 2e Kyu devient assistant du professeur qui lui-m\u00eame deviendra tr\u00e8s exigeant sur ses qualit\u00e9s et performances. Une pression morale mais positive et b\u00e9n\u00e9fique peut se faire sentir. Conscient de l&rsquo;engagement et des efforts du grad\u00e9, l&rsquo;enseignant ne lui l\u00e2che plus aucune faute.<\/p>\n<h3 style=\"margin-top: 50px;\">1er Kyu<\/h3>\n<p>Dernier Kyu avant la ceinture noire Yudansha. Port du hakama pour les hommes. <strong>Il n&rsquo;y a pratiquement plus de diff\u00e9rence avec le 1er dan.<\/strong> Tout le programme est int\u00e9gr\u00e9. Toutes les techniques et attaques ainsi que les modes et postures debout\/\u00e0 genoux arri\u00e8res et contre plusieurs Uke, arm\u00e9s ou non sont assimil\u00e9s. <span class=\"highlight\">C&rsquo;est le moment culminant dans la progression au sein du club.<\/span> Tori provoque l&rsquo;attaque d&rsquo;Uke. Il investit l&rsquo;espace et s&rsquo;approprie le temps <span class=\"highlight\">MA AI \/ DE AI<\/span>. Capable de surfer sur toutes les techniques en Jyu waza sans temps mort. Le 1er kyu est la r\u00e9f\u00e9rence au club. C&rsquo;est celui qui a r\u00e9ussi dans le groupe.<\/p>\n<h3 style=\"margin-top: 50px;\">1er Dan et jusqu&rsquo;au 4e Dan<\/h3>\n<p>L&rsquo;examen se passe hors du club et autoris\u00e9 par le professeur. Le 1er kyu est inscrit lorsque le professeur et le postulant sont chacun, s\u00fbrs que l&rsquo;\u00e9l\u00e8ve sera au bon niveau de r\u00e9ussite, et que la ceinture noire sera assur\u00e9ment accord\u00e9e. L&rsquo;autorisation ne sera d\u00e9livr\u00e9e que sur ce crit\u00e8re.<\/p>\n","protected":false},"excerpt":{"rendered":"<p>Apr\u00e8s 50 ans de passages de grades (\u00e0 raison de 2 passages par an, cela fait 100 sessions), l&rsquo;A\u00efkido Nogent a su emmagasiner une solide exp\u00e9rience dans ce domaine. L&rsquo;int\u00e9r\u00eat des grades Kyu Les grades ne sont pas obligatoires. Effectivement, passer ces tests et devenir grad\u00e9 n&rsquo;est pas sp\u00e9cialement l&rsquo;objectif de l&rsquo;A\u00efkido. Cela impose m\u00eame &#8230; <a title=\"Crit\u00e8res par Kyu \u00e0 l&rsquo;AKDN\" class=\"read-more\" href=\"https:\/\/akdn.fr\/index.php\/criteres-kyu\/\" aria-label=\"En savoir plus sur Crit\u00e8res par Kyu \u00e0 l&rsquo;AKDN\">Lire la suite<\/a><\/p>\n","protected":false},"author":1,"featured_media":0,"parent":0,"menu_order":10,"comment_status":"closed","ping_status":"closed","template":"","meta":{"footnotes":""},"class_list":["post-5355","page","type-page","status-publish"],"_links":{"self":[{"href":"https:\/\/akdn.fr\/index.php\/wp-json\/wp\/v2\/pages\/5355","targetHints":{"allow":["GET"]}}],"collection":[{"href":"https:\/\/akdn.fr\/index.php\/wp-json\/wp\/v2\/pages"}],"about":[{"href":"https:\/\/akdn.fr\/index.php\/wp-json\/wp\/v2\/types\/page"}],"author":[{"embeddable":true,"href":"https:\/\/akdn.fr\/index.php\/wp-json\/wp\/v2\/users\/1"}],"replies":[{"embeddable":true,"href":"https:\/\/akdn.fr\/index.php\/wp-json\/wp\/v2\/comments?post=5355"}],"version-history":[{"count":1,"href":"https:\/\/akdn.fr\/index.php\/wp-json\/wp\/v2\/pages\/5355\/revisions"}],"predecessor-version":[{"id":9852,"href":"https:\/\/akdn.fr\/index.php\/wp-json\/wp\/v2\/pages\/5355\/revisions\/9852"}],"wp:attachment":[{"href":"https:\/\/akdn.fr\/index.php\/wp-json\/wp\/v2\/media?parent=5355"}],"curies":[{"name":"wp","href":"https:\/\/api.w.org\/{rel}","templated":true}]}}