{"id":279,"date":"2014-05-29T09:21:30","date_gmt":"2014-05-29T07:21:30","guid":{"rendered":"http:\/\/www.akdn.fr\/?page_id=279"},"modified":"2025-09-01T17:14:39","modified_gmt":"2025-09-01T17:14:39","slug":"les-stages","status":"publish","type":"page","link":"https:\/\/akdn.fr\/index.php\/les-stages\/","title":{"rendered":"Les stages &#8211; vie du club"},"content":{"rendered":"<div class=\"section-container\">\n<div class=\"card\" style=\"text-align: center;\">\n<h2>Stages et \u00e9v\u00e9nements \u00e0 venir<\/h2>\n<p><i>Les stages et \u00e9v\u00e9nements pour la saison 2025\/2026 seront annonc\u00e9s prochainement. Restez connect\u00e9s !<\/i><\/p>\n<\/div>\n<\/div>\n<div style=\"text-align: center; margin: 50px 0;\">\n<h2><u>A R C H I V E S<\/u><\/h2>\n<p><i>Pour rappel, vous pouvez acc\u00e9der \u00e0 l&rsquo;ensemble des stages sur le site <a href=\"http:\/\/www.stages-aikido.fr\/\" target=\"_blank\" rel=\"noopener\">STAGES AIKIDO<\/a>.<\/i><\/p>\n<\/div>\n<div class=\"card\">\n<h2>Stages 2024\/2025<\/h2>\n<h4 style=\"margin: 0; padding-bottom: 5px;\">Au dojo Douillet de Nogent<\/h4>\n<ul>\n<li>\n<h4 style=\"margin: 0; padding-bottom: 5px;\">Lundi 13 Janvier<\/h4>\n<p>Cours exceptionnels dirig\u00e9 par Yamashima TAKASHI (8eme DAN)\t<\/p>\n<li>\n<h4 style=\"margin: 0; padding-bottom: 5px;\">Lundi 20 Janvier<\/h4>\n<p>Cours exceptionnels dirig\u00e9 par Miyuki KUMAZAMA (6eme DAN)<\/p>\n<li>\n<h4 style=\"margin: 0; padding-bottom: 5px;\">Jeudi 06 Mars<\/h4>\n<p>Journ\u00e9e des droits de la femme, entr\u00e9e gratuite \u00e0 toutes les femmes. Techniques souples et harmonieuses + partie auto-defense<\/p>\n<li>\n<h4 style=\"margin: 0; padding-bottom: 5px;\">Dimanche 30 Mars<\/h4>\n<p>Stage dirig\u00e9 par Ludovic CAUDERAN (6eme DAN)<\/p>\n<li>\n<h4 style=\"margin: 0; padding-bottom: 5px;\">Lundi 16 Juin<\/h4>\n<p>Cours exceptionnels dirig\u00e9 par Cosmo COQUIN (4eme DAN)\n<\/li>\n<\/ul>\n<\/div>\n<div class=\"card\">\n<h2>Stages 2018\/2019<\/h2>\n<h4 style=\"margin: 0; padding-bottom: 5px;\">Au dojo Douillet de Nogent<\/h4>\n<ul>\n<li>\n<h4 style=\"margin: 0; padding-bottom: 5px;\">Dimanche 2 D\u00e9cembre<\/h4>\n<p>Examens blancs r\u00e9gion IDF pour ceintures noires. Inscriptions en ligne obligatoires (15\u20ac sur le site de la ligue). 3 juges r\u00e9gionaux sur place.<\/li>\n<li>\n<h4 style=\"margin: 0; padding-bottom: 5px;\">Mercredi 5 D\u00e9cembre<\/h4>\n<p>Soir\u00e9e de la Ligue avec C\u00e9line Froissart 4e dan. Entr\u00e9e gratuite.<\/li>\n<\/ul>\n<h4 style=\"margin-top: 25px; padding-bottom: 5px;\">Gymnase Galli\u00e8ni Nogent<\/h4>\n<p><span class=\"highlight\">Vendredi 7 d\u00e9cembre \u00e0 19h<\/span> : D\u00e9monstration pour le T\u00e9l\u00e9thon 2018. L&rsquo;entra\u00eenement pour cette d\u00e9monstration aura lieu le jeudi 6 d\u00e9cembre au dojo.<\/p>\n<h4 style=\"margin-top: 25px; padding-bottom: 5px;\">Au gymnase L\u00e9o Lagrange \u00e0 Paris 12e<\/h4>\n<p><span class=\"highlight\">Dimanche 16 d\u00e9cembre<\/span> : Stage <span class=\"highlight\">juniors 9\/13 ans<\/span> avec H\u00e9l\u00e8ne Dou\u00e9 5e dan, et Christian Mouza 6e dan. Un seul stage de ce type a lieu dans la saison. Le matin est r\u00e9serv\u00e9 \u00e0 la p\u00e9dagogie pour les enseignants sp\u00e9cialis\u00e9s pour les enfants.<\/p>\n<h4 style=\"margin-top: 25px; padding-bottom: 5px;\">\u00c0 Valloire (Is\u00e8re)<\/h4>\n<p><span class=\"highlight\">WE du 17 au 21 janvier 2019<\/span> : Stage oxyg\u00e9nation \u00e0 la montagne. 3 jours de Ski\/A\u00efkido organis\u00e9s par l&rsquo;AKDN. Il est encore possible de vous inscrire. 2 cours d&rsquo;a\u00efkido par jour avant et apr\u00e8s le ski ou les raquettes.<\/p>\n<h4 style=\"margin-top: 25px; padding-bottom: 5px;\">Th\u00e9\u00e2tre \u00c9mile Zola &#8211; Nogent<\/h4>\n<p><span class=\"highlight\">Samedi 16 f\u00e9vrier 2019<\/span> : F\u00eate et assembl\u00e9e g\u00e9n\u00e9rale de l&rsquo;AKDN. Apr\u00e8s le compte rendu du bureau et le vote de l&rsquo;assembl\u00e9e, une f\u00eate est organis\u00e9e o\u00f9 tout le monde est d\u00e9guis\u00e9 avec une tenue commen\u00e7ant par la lettre \u00ab\u00a0F\u00a0\u00bb. La sc\u00e8ne du th\u00e9\u00e2tre sera \u00e0 disposition pour tous les talents.<\/p>\n<\/div>\n<div class=\"card\">\n<h2>Stages 2014<\/h2>\n<h4 style=\"margin: 0; padding-bottom: 5px;\">STAGE INTERNE AKDN (25 mai)<\/h4>\n<p>Nous \u00e9tions plut\u00f4t nombreux pour un dimanche d\u00e9di\u00e9 \u00e0 la pr\u00e9paration des passages de grade. <a title=\"Voir les photos AKDN\" href=\"http:\/\/www.akdn.fr\/medias\/photos\/\" target=\"_blank\" rel=\"noopener\">Les photos sont disponibles ici<\/a>.<\/p>\n<\/div>\n<div class=\"card\">\n<h2>Stages 2013<\/h2>\n<h4 style=\"margin: 0; padding-bottom: 5px;\">STAGE INTERNE AKDN (15 d\u00e9cembre)<\/h4>\n<p>Une trentaine de participants pour ce stage de fin d&rsquo;ann\u00e9e, destin\u00e9 \u00e0 revoir les mouvements, se parfaire et pr\u00e9parer les passages de grade. <a title=\"Voir les photos AKDN\" href=\"http:\/\/www.akdn.fr\/medias\/photos\/\" target=\"_blank\" rel=\"noopener\">Les photos sont disponibles ici<\/a>.<\/p>\n<h4 style=\"margin-top: 25px; padding-bottom: 5px;\">VISITE DE MARC BACHRATY (28 novembre)<\/h4>\n<p>Retenez votre <span class=\"highlight\">Jeudi 28 Novembre<\/span> : Marc Bachraty est venu diriger l&rsquo;entra\u00eenement \u00e0 l\u2019AKDN de Nogent. L&rsquo;<a title=\"Voir l'affiche du stage avec Marc BACHRATY\" href=\"http:\/\/www.akdn.fr\/wordpress\/Doc_public\/STAGES\/AKDN_affiche-M-Bachraty-28-nov-13.pdf\" target=\"_blank\" rel=\"noopener\">affiche est disponible ici<\/a>. Une participation de 12 euros \u00e9tait demand\u00e9e.<\/p>\n<h4 style=\"margin-top: 25px; padding-bottom: 5px;\">ENTRAINEMENT PAR ANNE DEMARET (6 novembre)<\/h4>\n<p>L&rsquo;entra\u00eenement du mercredi 6 novembre de 20h \u00e0 21h30 a \u00e9t\u00e9 dirig\u00e9 par Anne DEMARET, 4e Dan UFA. Une participation de 5 euros \u00e9tait demand\u00e9e. Voir l&rsquo;<a title=\"Voir l'affiche de l'entrainement par Anne DEMARET\" href=\"http:\/\/www.akdn.fr\/wordpress\/Doc_public\/STAGES\/AKDN_affiche-A-Demaret-6-nov-13.pdf\" target=\"_blank\" rel=\"noopener\">affiche du cours<\/a>.<\/p>\n<h4 style=\"margin-top: 25px; padding-bottom: 5px;\">STAGE EXCEPTIONNEL POUR LES ENFANTS ET ADOS (28 septembre)<\/h4>\n<p>Un stage exceptionnel pour les enfants et ados a eu lieu le <span class=\"highlight\">samedi 28 septembre<\/span> \u00e0 Paris, de 10h \u00e0 12h, avec Yoko Okamoto sensei. Le tarif \u00e9tait de 10\u20ac et l&rsquo;inscription se faisait par internet. L&rsquo;affiche est <a title=\"Affiche du stage pour enfants et ados le 28 septembre 2013\" href=\"http:\/\/www.akdn.fr\/wordpress\/Doc_public\/STAGES\/AKDN_affiche_stage_enfant_28092013.jpg\" target=\"_blank\" rel=\"noopener\">disponible ici<\/a> et les <a title=\"Voir les photos AKDN\" href=\"http:\/\/www.akdn.fr\/medias\/photos\/\" target=\"_blank\" rel=\"noopener\">photos sont ici<\/a>.<\/p>\n<h4 style=\"margin-top: 25px; padding-bottom: 5px;\">COURS DIRIGE par Mare SEYE (3 juin)<\/h4>\n<p>Le cours du lundi 3 juin a \u00e9t\u00e9 dirig\u00e9 par Mare SEYE, membre du coll\u00e8ge technique national de la FFAAA, de 19h30 \u00e0 21h30. Une participation de 12 euros \u00e9tait demand\u00e9e. L&rsquo;affiche est <a title=\"Affiche du cours dirig\u00e9 par Mare SEYE\" href=\"http:\/\/www.akdn.fr\/wordpress\/Doc_public\/STAGES\/AKDN_affiche_Mare_Seye_03-Jun-13.pdf\" target=\"_blank\" rel=\"noopener\">disponible ici<\/a>.<\/p>\n<h4 style=\"margin-top: 25px; padding-bottom: 5px;\">INTERCLUB Nogent \/ Pantin (10 avril)<\/h4>\n<p>Le cours a \u00e9t\u00e9 dirig\u00e9 par Arthur FRATTINI (enfants\/ados\/adultes).<\/p>\n<h4 style=\"margin-top: 25px; padding-bottom: 5px;\">STAGE avec Pascal OLIVIER \u00e0 Ozoir (23 mars)<\/h4>\n<p>Un stage que nous avions recommand\u00e9 a eu lieu le samedi 23 mars \u00e0 Ozoir-La-Ferri\u00e8re. L&rsquo;affiche du stage est <a title=\"Voir l'affiche du stage de Ozoir\" href=\"http:\/\/www.akdn.fr\/wordpress\/Doc_public\/STAGES\/AKDN_affiche-Ozoir-23-mars-13.pdf\" target=\"_blank\" rel=\"noopener\">disponible ici<\/a>.<\/p>\n<h4 style=\"margin-top: 25px; padding-bottom: 5px;\">INITIATION AU SABRE (7 mars)<\/h4>\n<p>Ce jeudi, \u00e0 Nogent, une initiation \u00e0 la pratique du sabre a eu lieu. Participation de 10 euros.<\/p>\n<h4 style=\"margin-top: 25px; padding-bottom: 5px;\">STAGE INTERNE AKDN (17 f\u00e9vrier)<\/h4>\n<p>Notre second stage interne a eu lieu afin de pr\u00e9parer les passages de grades.<\/p>\n<h4 style=\"margin-top: 25px; padding-bottom: 5px;\">INTERCLUB avec le club de PANTIN (16 f\u00e9vrier)<\/h4>\n<p>Un interclub a eu lieu avec nos amis de Pantin chez Arthur FRATTINI. Les enfants \u00e9taient de 10h \u00e0 11h, et les adultes et ados de 11h15 \u00e0 12h30. L&rsquo;interclub retour s&rsquo;est tenu \u00e0 l&rsquo;AKDN. Ce stage \u00e9tait gratuit.<\/p>\n<\/div>\n<div class=\"card\">\n<h2>Stages 2012<\/h2>\n<h4 style=\"margin: 0; padding-bottom: 5px;\">STAGE TRIMESTRIEL DE REVISION (25 novembre)<\/h4>\n<p>Un stage interne de r\u00e9vision a eu lieu de 9h30 \u00e0 12h30 au dojo de Nogent. La pr\u00e9sence de toutes les sections \u00e9tait fortement conseill\u00e9e. L&rsquo;entra\u00eenement a comport\u00e9 une r\u00e9vision des acquis, des armes et du travail par grades.<\/p>\n<h4 style=\"margin-top: 25px; padding-bottom: 5px;\">STAGE INTERNE avec FABRICE CROIZE (24 mai)<\/h4>\n<p>Ce stage a \u00e9t\u00e9 organis\u00e9 de 20h \u00e0 22h au Dojo David Douillet. Des bases \u00e0 un A\u00efkido \u00e9volu\u00e9, tout le monde en a pris pour son grade ! <a title=\"Stage Fabrice Croize \u00e0 l'AKDN le 24 mai 2012\" href=\"http:\/\/www.akdn.fr\/wordpress\/Doc_public\/STAGES\/AKDN_affiche-F-CROIZE-24-mai-12.pdf\" target=\"_blank\" rel=\"noopener\">L&rsquo;affiche du stage est ici<\/a>.<\/p>\n<h4 style=\"margin-top: 25px; padding-bottom: 5px;\">STAGE INTERNE AKDN (20 mai 2012)<\/h4>\n<p>Rendez-vous trimestriel pour un stage de progression et de r\u00e9vision en pr\u00e9vision du passage des grades pr\u00e9vu la semaine du 3 juin. L&rsquo;entra\u00eenement a eu lieu au dojo, de 9h30 \u00e0 12h30.<\/p>\n<h4 style=\"margin-top: 25px; padding-bottom: 5px;\">STAGE INTERNE avec CHRISTIAN TISSIER Shihan (19 avril)<\/h4>\n<p>Une soir\u00e9e m\u00e9morable pour l\u2019association ! Une visite inesp\u00e9r\u00e9e et jalous\u00e9e par de nombreux clubs d\u2019A\u00efkido. Ce fut un immense honneur de recevoir Christian TISSIER Sensei chez nous. Nous avons tous \u00e9t\u00e9 sous le charme et avons re\u00e7u de nombreuses pistes personnalis\u00e9es de progr\u00e8s. Les murs du dojo Douillet de Nogent ont d\u00e9sormais une \u00ab \u00e2me \u00bb et une histoire.<\/p>\n<h4 style=\"margin-top: 25px; padding-bottom: 5px;\">STAGE INTERNE avec MARC BACHRATY (29 mars)<\/h4>\n<p>De l\u2019a\u00efkido de haut vol. Marc est autant humble que visionnaire\u2026 Un super stage au dojo de l&rsquo;AKDN. L&rsquo;<a title=\"Stage Marc Bachraty \u00e0 l'AKDN\" href=\"http:\/\/www.akdn.fr\/wordpress\/Doc_public\/STAGES\/AKDN_affiche-M-Bachraty-19-mars-12.pdf\" target=\"_blank\" rel=\"noopener\">affiche du stage est ici<\/a>.<\/p>\n<h4 style=\"margin-top: 25px; padding-bottom: 5px;\">STAGE INTERNE AKDN (11 mars 2012)<\/h4>\n<p>Rendez-vous trimestriel pour un stage de mise \u00e0 niveau. Toutes les sections se sont retrouv\u00e9es durant 3h d&rsquo;entra\u00eenement, de 9h30 \u00e0 12h30. Une participation solidaire pour les sinistr\u00e9s du Japon a \u00e9t\u00e9 demand\u00e9e.<\/p>\n<\/div>\n<div class=\"card\">\n<h2>Stages 2011<\/h2>\n<h4 style=\"margin: 0; padding-bottom: 5px;\">STAGE INTERNE AKDN (11 d\u00e9cembre 2011)<\/h4>\n<p>R\u00e9vision g\u00e9n\u00e9rale et pr\u00e9paration de passage de grades. Une qu\u00eate au profit des sinistr\u00e9s japonais (Croix-Rouge japonaise) a \u00e9t\u00e9 ouverte \u00e0 cette occasion.<\/p>\n<h4 style=\"margin-top: 25px; padding-bottom: 5px;\">VISITE DE MARC BACHRATY (28 avril 2011)<\/h4>\n<p>Nous \u00e9tions 26 ce soir-l\u00e0 pour suivre un entra\u00eenement des plus riches sous la direction de Marc Bachraty, DTR 5e dan. Les fondamentaux autour de Ikkyo, Kokyu-nage et des variations ont \u00e9t\u00e9 abord\u00e9s. Un verre de l\u2019amiti\u00e9 a conclu cette soir\u00e9e sympathique.<\/p>\n<h4 style=\"margin-top: 25px; padding-bottom: 5px;\">STAGE INTERNE NOGENT (15 mai 2011)<\/h4>\n<p>Entra\u00eenement r\u00e9capitulatif de la saison avant les passages de grades. Stage interne \u00e0 Nogent au profit des sinistr\u00e9s japonais. Une participation minimale de 5\u20ac \u00e9tait demand\u00e9e.<\/p>\n<h4 style=\"margin-top: 25px; padding-bottom: 5px;\">FORMATION DE SECOURISTE (8-10 f\u00e9vrier)<\/h4>\n<p>Une formation de secouriste de 3 jours cons\u00e9cutifs a eu lieu \u00e0 notre espace Douillet. Neuf personnes \u00e9taient int\u00e9ress\u00e9es. Le formateur a demand\u00e9 aux participants de se rapprocher de Patrick pour pr\u00e9parer les fiches.<\/p>\n<\/div>\n<div class=\"card\">\n<h2>Stages 2010<\/h2>\n<h4 style=\"margin: 0; padding-bottom: 5px;\">STAGE PRIVE AKDN &#8211; \u00e0 YVERDON (29 et 30 mai)<\/h4>\n<p>Un stage en Suisse, sur la m\u00eame lign\u00e9e que celui de 2009, \u00e9tait en pr\u00e9paration.<\/p>\n<h4 style=\"margin-top: 25px; padding-bottom: 5px;\">PASCAL GUILLEMIN (26 mai)<\/h4>\n<p>Pascal Guillemin, 5e DAN Aikikai, \u00e9tait \u00e0 Nogent dans le dojo de l\u2019AKDN pour un stage de qualit\u00e9.<\/p>\n<h4 style=\"margin-top: 25px; padding-bottom: 5px;\">PASCAL NORBELLY (15 avril)<\/h4>\n<p>Keiko exceptionnel \u00e0 la Porte de Pantin, avec Pascal Norbelly, 6e DAN Aikikai, D.T.R. de Picardie, de 20h \u00e0 22h au dojo Maurice Baquet.<\/p>\n<h4 style=\"margin-top: 25px; padding-bottom: 5px;\">MARC BACHRATY (25 mars)<\/h4>\n<p>Keiko exceptionnel \u00e0 la Porte de Pantin, avec Marc Bachraty, 5e Dan D.T.R, de 20h \u00e0 22h au dojo Maurice Baquet.<\/p>\n<h4 style=\"margin-top: 25px; padding-bottom: 5px;\">ALAIN MELIZI (22 mars)<\/h4>\n<p>Alain Melizi, moine Zen de Paris, a fait d\u00e9couvrir l\u2019univers du Zen de 19h30 \u00e0 21h30 \u00e0 Nogent.<\/p>\n<h4 style=\"margin-top: 25px; padding-bottom: 5px;\">MARC BACHRATY (11 mars)<\/h4>\n<p>Marc Bachraty, 5e Dan D.T.R, a dirig\u00e9 un stage de 19h30 \u00e0 21h30 au dojo de l\u2019Espace Chanzy, \u00e0 Nogent-sur-Marne. <a href=\"URL_DE_L'AFFICHE\" target=\"_blank\" rel=\"noopener\">L&rsquo;affiche est ici<\/a> et les <a href=\"URL_DES_PHOTOS\" target=\"_blank\" rel=\"noopener\">photos sont disponibles ici<\/a>.<\/p>\n<h4 style=\"margin-top: 25px; padding-bottom: 5px;\">MICHEL BECART (25 f\u00e9vrier)<\/h4>\n<p>Keiko exceptionnel \u00e0 la Porte de Pantin avec Michel B\u00e9cart, 6e Dan, de 20h \u00e0 22h au dojo Maurice Baquet.<\/p>\n<h4 style=\"margin-top: 25px; padding-bottom: 5px;\">TAKESHI YAMASHIMA (27 janvier)<\/h4>\n<p>Keiko exceptionnel \u00e0 la Porte de Pantin avec Takeshi Yamashima sensei, 7e Dan Aikikai, de 19h30 \u00e0 21h au dojo Manouchian, \u00e0 Aubervilliers.<\/p>\n<h4 style=\"margin-top: 25px; padding-bottom: 5px;\">TAKESHI YAMASHIMA (23 et 24 janvier)<\/h4>\n<p>Stage ouvert \u00e0 tous les licenci\u00e9s FFAAA et FFAB, de 10h \u00e0 12h et de 15h \u00e0 17h, au Gymnase Biancotto \u00e0 Paris. Tarif pour le week-end : 40 \u20ac.<\/p>\n<h4 style=\"margin-top: 25px; padding-bottom: 5px;\">MICHEL ERB (17 janvier 2010)<\/h4>\n<p>Michel ERB a propos\u00e9 un stage de 9h30 \u00e0 13h au Palais omnisport de Thiais. Le tarif \u00e9tait de 20 euros. <a href=\"http:\/\/act.aikido.free.fr\" target=\"_blank\" rel=\"noopener\">Plus d&rsquo;informations sur le site<\/a>.<\/p>\n<\/div>\n<div class=\"card\">\n<h2>Stages 2009<\/h2>\n<h4 style=\"margin: 0; padding-bottom: 5px;\">YVES SCHAEFER (12 d\u00e9cembre)<\/h4>\n<p>Stage interne \u00e0 Nogent de 9h30 \u00e0 12h. Une visite particuli\u00e8rement appr\u00e9ci\u00e9e d\u2019Yves, le professeur du club d\u2019aikido en Suisse. <a href=\"URL_VERS_PHOTOS\" target=\"_blank\" rel=\"noopener\">Voir les photos<\/a>.<\/p>\n<h4 style=\"margin-top: 25px; padding-bottom: 5px;\">PASCAL MARCIAS (6 d\u00e9cembre)<\/h4>\n<p>Stage de 9h30 \u00e0 13h au gymnase Maurice Baquet \u00e0 Villejuif. Le prix \u00e9tait de 10 euros.<\/p>\n<h4 style=\"margin-top: 25px; padding-bottom: 5px;\">MARC BACHRATY (22 novembre)<\/h4>\n<p>Stage d\u00e9partemental \u00e0 Rambouillet de 9h30 \u00e0 13h, pour la pr\u00e9paration des passages de grades. Le tarif \u00e9tait de 15 euros.<\/p>\n<h4 style=\"margin-top: 25px; padding-bottom: 5px;\">MARC BACHRATY (8 novembre)<\/h4>\n<p>Stage au dojo de Clamart. Le stage \u00e9tait en deux parties : initiation au Jo et pratique \u00e0 mains nues. Le prix \u00e9tait de 20 euros.<\/p>\n<h4 style=\"margin-top: 25px; padding-bottom: 5px;\">MARE SEYE (25 octobre)<\/h4>\n<p>Prenez note du stage chez nos amis Rosn\u00e9ens, o\u00f9 l&rsquo;association de Nogent est toujours bien re\u00e7ue !<\/p>\n<h4 style=\"margin-top: 25px; padding-bottom: 5px;\">BARNARD PALMIER (17 octobre)<\/h4>\n<p>Stage au dojo de l\u2019Ascap \u00e0 Poissy, dirig\u00e9 par Bernard PALMIER, DTR 7e dan. La recherche portait sur le placement du corps. Ce stage s\u2019est termin\u00e9 autour d\u2019un pot de l\u2019amiti\u00e9.<\/p>\n<h4 style=\"margin-top: 25px; padding-bottom: 5px;\">CHRISTIAN TISSIER (17 octobre)<\/h4>\n<p>Stage priv\u00e9 \u00e0 Vincennes avec Christian Tissier, 7e Dan Shihan Aikikai. <a href=\"URL_VERS_INFOS\" target=\"_blank\" rel=\"noopener\">Plus d&rsquo;informations sur ce stage<\/a>.<\/p>\n<h4 style=\"margin-top: 25px; padding-bottom: 5px;\">ENDO Sensei (26 &amp; 27 septembre)<\/h4>\n<p>Au moins une centaine de participants. Un stage de grand ma\u00eetre. L\u2019a\u00efkido d&rsquo;Endo Sensei est pur, fluide, sans aucune utilisation des muscles.<\/p>\n<h4 style=\"margin-top: 25px; padding-bottom: 5px;\">M. SHIMIZU (4 &amp; 5 juillet)<\/h4>\n<p>Stage \u00e0 Ozoir La Ferri\u00e8re avec M. Shimizu, le dernier \u00e9l\u00e8ve direct d\u2019O Sensei Morihei Ueshiba. <a href=\"URL_VERS_INTERVIEW\" target=\"_blank\" rel=\"noopener\">L\u2019interview est disponible ici<\/a>. Le stage a \u00e9t\u00e9 riche en techniques et en confidences sur le fondateur de l\u2019a\u00efkido.<\/p>\n<h4 style=\"margin-top: 25px; padding-bottom: 5px;\">Fabrice CROIZE (28 juin 2009)<\/h4>\n<p>Stage organis\u00e9 le dimanche au Centre sportif St Exup\u00e9ry, \u00e0 Villebon-sur-Yvette. Un barbecue a termin\u00e9 le stage. Le prix \u00e9tait de 15 euros.<\/p>\n<h4 style=\"margin-top: 25px; padding-bottom: 5px;\">Pascal GUILLEMIN (21 juin 2009)<\/h4>\n<p>Stage \u00e0 Melun sur le th\u00e8me \u201cL\u2019Aikido et les armes\u201c. Les frais d\u2019inscription \u00e9taient de 20 euros.<\/p>\n<h4 style=\"margin-top: 25px; padding-bottom: 5px;\">STAGE jumel\u00e9 NOGENT\/YVERDON (16 &amp; 17 mai 2009)<\/h4>\n<p>Fantastique stage entre les clubs d\u2019Yverdon les Bains (Suisse) et Nogent-sur-Marne dans un cadre idyllique. <a href=\"URL_VERS_PHOTOS\" target=\"_blank\" rel=\"noopener\">Quelques photos<\/a> sont disponibles, ainsi que le <a href=\"URL_VERS_ARTICLE_DE_PRESSE\" target=\"_blank\" rel=\"noopener\">lien vers l\u2019article paru dans la presse Suisse<\/a>.<\/p>\n<h4 style=\"margin-top: 25px; padding-bottom: 5px;\">SOPHIE D\u2019AUZAC (8 mai 2009)<\/h4>\n<p>Stage organis\u00e9 par le Comit\u00e9 D\u00e9partemental FFAAA du 93. Il s&rsquo;agissait d&rsquo;un stage gratuit, de 10h \u00e0 12h, \u00e0 Rosny-Sous-Bois.<\/p>\n<h4 style=\"margin-top: 25px; padding-bottom: 5px;\">M. YASUNO (28 &amp; 29 mars)<\/h4>\n<p>Ce stage a \u00e9t\u00e9 tr\u00e8s conseill\u00e9. Rappel : il est interdit de filmer les sensei en stage sans leur accord.<\/p>\n<h4 style=\"margin-top: 25px; padding-bottom: 5px;\">M. PASCAL GUILLEMIN (18 mars)<\/h4>\n<p>Nous avons eu le plaisir d\u2019accueillir Pascal GUILLEMIN, 5e DAN, \u00e0 Nogent. Nous \u00e9tions 36 lors de ce cours exceptionnel. Le club de Rosny et notre section Ados \u00e9taient pr\u00e9sents. Un travail tr\u00e8s vari\u00e9, pr\u00e9cis, rigoureux et de haute qualit\u00e9 technique et esth\u00e9tique. Pascal GUILLEMIN assure les d\u00e9monstrations lors de la Nuit des Arts Martiaux \u00e0 Bercy aux c\u00f4t\u00e9s de M. Christian TISSIER.<\/p>\n<h4 style=\"margin-top: 25px; padding-bottom: 5px;\">M. YAMASHIMA (janvier 2009)<\/h4>\n<p>Sept Nogentais ont particip\u00e9 \u00e0 ce stage \u00e0 Rosny-sous-Bois. De belles sensations avec un ma\u00eetre qui poss\u00e8de un A\u00efkido super-fluide sans utilisation de la force des bras.<\/p>\n<\/div>\n<div class=\"card\">\n<h2>Stages 2008<\/h2>\n<h4 style=\"margin: 0; padding-bottom: 5px;\">M. ARNAUD WALTZ (15 d\u00e9cembre)<\/h4>\n<p>Premi\u00e8re invitation d\u2019expert, avec Arnaud WALTZ, DTR de Picardie, 6e Dan. Un travail basique qui nous a tous enchant\u00e9s. Nous nous sommes retrouv\u00e9s apr\u00e8s l\u2019entra\u00eenement, autour d\u2019un verre d\u2019excellent sak\u00e9.<\/p>\n<h4 style=\"margin-top: 25px; padding-bottom: 5px;\">M. SHIMIZU (2008)<\/h4>\n<p>L\u2019ann\u00e9e pr\u00e9c\u00e9dente, c\u2019\u00e9tait le stage international de M. SHIMIZU, invit\u00e9 par notre ami Pascal OLIVIER sensi. M. SHIMIZU est le tout dernier \u201cUchi-Deshi\u201d d\u2019O Sensei Morihei Ueshiba, son dernier \u00e9l\u00e8ve direct. Nous vous conseillons d\u2019aller visiter le site sur l\u2019Aikido Tendo-ryu pour d\u00e9couvrir son blog.<\/p>\n<h4 style=\"margin-top: 25px; padding-bottom: 5px;\">Stage interne AKDN (30 novembre 2008)<\/h4>\n<p>Nous avons organis\u00e9 cette ann\u00e9e, un stage trimestriel interne assur\u00e9 par PATRICK BELVAUX le dimanche matin, de 9h30 \u00e0 12h30. \u201cSi tu ne viens pas aux stages, les stages viendront \u00e0 toi\u201d \u2014 proverbe de Lagard\u00e8re. Rosny \u00e9tait pr\u00e9sent \u00e0 nos c\u00f4t\u00e9s.<\/p>\n<\/div>\n","protected":false},"excerpt":{"rendered":"<p>Stages et \u00e9v\u00e9nements \u00e0 venir Les stages et \u00e9v\u00e9nements pour la saison 2025\/2026 seront annonc\u00e9s prochainement. Restez connect\u00e9s ! A R C H I V E S Pour rappel, vous pouvez acc\u00e9der \u00e0 l&rsquo;ensemble des stages sur le site STAGES AIKIDO. Stages 2024\/2025 Au dojo Douillet de Nogent Lundi 13 Janvier Cours exceptionnels dirig\u00e9 par &#8230; <a title=\"Les stages &#8211; vie du club\" class=\"read-more\" href=\"https:\/\/akdn.fr\/index.php\/les-stages\/\" aria-label=\"En savoir plus sur Les stages &#8211; vie du club\">Lire la suite<\/a><\/p>\n","protected":false},"author":1,"featured_media":0,"parent":0,"menu_order":310,"comment_status":"closed","ping_status":"closed","template":"","meta":{"footnotes":""},"class_list":["post-279","page","type-page","status-publish"],"_links":{"self":[{"href":"https:\/\/akdn.fr\/index.php\/wp-json\/wp\/v2\/pages\/279","targetHints":{"allow":["GET"]}}],"collection":[{"href":"https:\/\/akdn.fr\/index.php\/wp-json\/wp\/v2\/pages"}],"about":[{"href":"https:\/\/akdn.fr\/index.php\/wp-json\/wp\/v2\/types\/page"}],"author":[{"embeddable":true,"href":"https:\/\/akdn.fr\/index.php\/wp-json\/wp\/v2\/users\/1"}],"replies":[{"embeddable":true,"href":"https:\/\/akdn.fr\/index.php\/wp-json\/wp\/v2\/comments?post=279"}],"version-history":[{"count":3,"href":"https:\/\/akdn.fr\/index.php\/wp-json\/wp\/v2\/pages\/279\/revisions"}],"predecessor-version":[{"id":9871,"href":"https:\/\/akdn.fr\/index.php\/wp-json\/wp\/v2\/pages\/279\/revisions\/9871"}],"wp:attachment":[{"href":"https:\/\/akdn.fr\/index.php\/wp-json\/wp\/v2\/media?parent=279"}],"curies":[{"name":"wp","href":"https:\/\/api.w.org\/{rel}","templated":true}]}}